{"id":22,"date":"2014-11-19T20:29:59","date_gmt":"2014-11-19T20:29:59","guid":{"rendered":"https:\/\/2celsius.org\/transport\/?page_id=22"},"modified":"2019-01-21T13:21:44","modified_gmt":"2019-01-21T13:21:44","slug":"despre-noi","status":"publish","type":"page","link":"https:\/\/2celsius.org\/transport\/despre-noi\/","title":{"rendered":"Membri"},"content":{"rendered":"<p style=\"text-align: justify;\"><img loading=\"lazy\" decoding=\"async\" class=\"alignright wp-image-108 size-medium\" src=\"https:\/\/2celsius.org\/transport\/wp-content\/uploads\/2014\/11\/logo_t_e_01-300x193.jpg\" alt=\"logo_t_e_01\" width=\"300\" height=\"193\" srcset=\"https:\/\/2celsius.org\/transport\/wp-content\/uploads\/2014\/11\/logo_t_e_01-300x193.jpg 300w, https:\/\/2celsius.org\/transport\/wp-content\/uploads\/2014\/11\/logo_t_e_01.jpg 310w\" sizes=\"auto, (max-width: 300px) 100vw, 300px\" \/><\/p>\n<p style=\"text-align: justify;\"><strong><span style=\"color: #800000;\"><br \/>\nEcoTransport<\/span><\/strong> se afl\u0103 \u00een centrul ac\u021biunilor de advocacy \u0219i cercetare ale <span style=\"color: #800000;\"><strong>2C<\/strong> <\/span>\u00een domeniul transporturilor verzi \u0219i energiei conexe. Organiza\u021bia este parte a re\u021belei europene <a href=\"http:\/\/transportenvironment.org\" target=\"_blank\" rel=\"noopener\"><span style=\"color: #800000;\">Transport &amp; Environment<\/span><\/a>\u00a0\u0219i reprezentanta acesteia \u00een Rom\u00e2nia. <span style=\"color: #800000;\"><strong>EcoTransport<\/strong><\/span> este finan\u021bat de c\u0103tre <span style=\"color: #800000;\"><a style=\"color: #800000;\" href=\"http:\/\/europeanclimate.org\" target=\"_blank\" rel=\"noopener\">European Climate Foundation<\/a>\u00a0<span style=\"color: #000000;\">\u0219i de c\u0103tre Transport &amp; Environment prin granturile norvegiene NORAD.<\/span><\/span><\/p>\n<p style=\"text-align: justify;\"><img loading=\"lazy\" decoding=\"async\" class=\"alignright wp-image-109 size-medium\" src=\"https:\/\/2celsius.org\/transport\/wp-content\/uploads\/2014\/11\/europeanClimateFoundation_logo_RGB-300x66.jpg\" alt=\"europeanClimateFoundation_logo_RGB\" width=\"300\" height=\"66\" srcset=\"https:\/\/2celsius.org\/transport\/wp-content\/uploads\/2014\/11\/europeanClimateFoundation_logo_RGB-300x66.jpg 300w, https:\/\/2celsius.org\/transport\/wp-content\/uploads\/2014\/11\/europeanClimateFoundation_logo_RGB-1024x226.jpg 1024w, https:\/\/2celsius.org\/transport\/wp-content\/uploads\/2014\/11\/europeanClimateFoundation_logo_RGB.jpg 1712w\" sizes=\"auto, (max-width: 300px) 100vw, 300px\" \/><\/p>\n<p style=\"text-align: justify;\"><strong><a href=\"https:\/\/2celsius.org\">2Celsius<\/a> <span style=\"color: #800000;\">(2C)<\/span><\/strong> este o organiza\u0163ie european\u0103, cultural\u0103 \u015fi de mediu cu sediul \u00een Rom\u00e2nia. Asocia\u0163ia <strong><span style=\"color: #800000;\">2Celsius<\/span> <\/strong>organizeaz\u0103 re\u0163eaua de jurnalism de mediu privind cultura schimb\u0103rilor climatice, <strong><span style=\"color: #800000;\">2Celsius Network.<\/span><\/strong> Re\u0163eaua <a href=\"http:\/\/2celsius.net\" target=\"_blank\" rel=\"noopener\"><strong><span style=\"color: #800000;\">2Celsius.net<\/span><\/strong><\/a> este o platform\u0103 media care \u00eencearc\u0103 s\u0103 promoveze noi concepte precum \u00abgreen collar jobs\u00bb, profiluri climatice, slow food sau \u00abfutures&#8217; arts\u00bb \u00een centrul \u015fi estul Europei. Cursuri de jurnalism de mediu \u015fi fotojurnalism \u00eentregesc cunoa\u015fterea <strong><span style=\"color: #800000;\">2C<\/span><\/strong> \u00een aceast\u0103 arie.<\/p>\n<p style=\"text-align: justify;\">Membri ai <span style=\"color: #800000;\"><strong>2C<\/strong><\/span> au acoperit conferin\u0163e ale p\u0103r\u0163ilor \u00een discu\u0163iile climatice ale Na\u0163iunilor Unite de la Copenhaga, Cancun sau Varsovia. De-a lungul timpului <strong><span style=\"color: #800000;\">2Celsius Network<\/span><\/strong> a primit suport \u015fi finan\u0163are de la Earth Day Network \u00een Washington, D.C., WWF Austria, European Journalism Centre \u00een Maastricht, Comitetul Regiunilor, Conven\u021bia Alpin\u0103, European Academy (EURAC) s.a.<\/p>\n<p style=\"text-align: justify;\">Pe l\u00e2ng\u0103 activit\u0103\u0163ile legate de jurnalism, <span style=\"color: #800000;\"><strong>2C<\/strong><\/span> a gestionat \u015fi programe de caritate \u2013 cultura bicicletei in mediile rural-montane, rela\u0163ia dintre produc\u0163ia hranei \u015fi schimb\u0103rile climatice (schimbarea utiliz\u0103rii terenurilor) \u015fi programe de &#8220;institutional greening&#8221; \u015fi dezvoltare local\u0103.<\/p>\n<p style=\"text-align: justify;\"><span style=\"color: #800000;\"><strong><a href=\"https:\/\/2celsius.org\/transport\/emisiile-de-co2-la-masini-noi-scad-in-europa-raporteaza-statele-membre\/logo-fara-scris\/\" rel=\"attachment wp-att-245\"><img loading=\"lazy\" decoding=\"async\" class=\" wp-image-245 alignleft\" src=\"https:\/\/2celsius.org\/transport\/wp-content\/uploads\/2016\/04\/logo-fara-scris.png\" alt=\"\" width=\"121\" height=\"85\" \/><\/a>Asociatia 2Celsius\u00a0<\/strong>este\u00a0inregistrata la Grefa Judecatoriei Alba Iulia cu Certificat nr. 1054\/P\/14.05.2010, Dosar nr. 3788\/176\/2010, CUI 26934505, Cont IBAN: RO89BTRL00101205P59479XX, deschis la Banca Transilvania, Agentia Cugir<\/span><\/p>\n<p style=\"text-align: right;\"><span style=\"color: #800000;\">Membrii 2Celsius, coordonatori<\/span><span style=\"color: #800000;\">\u00a0ai<strong> EcoTransport<\/strong> sunt:<\/span><\/p>\n<div id=\"attachment_207\" style=\"width: 160px\" class=\"wp-caption alignright\"><a href=\"https:\/\/2celsius.org\/transport\/wp-content\/uploads\/2014\/11\/Mariuca-m.jpg\"><img loading=\"lazy\" decoding=\"async\" aria-describedby=\"caption-attachment-207\" class=\"size-thumbnail wp-image-207\" src=\"https:\/\/2celsius.org\/transport\/wp-content\/uploads\/2014\/11\/Mariuca-m-150x150.jpg\" alt=\"Mariuca Badea, mariuca@2Celsius.org\" width=\"150\" height=\"150\" \/><\/a><p id=\"caption-attachment-207\" class=\"wp-caption-text\">Mariuca Badea, cercetare si advocacy, email: mariuca[at]2Celsius.org<\/p><\/div><div id=\"attachment_114\" style=\"width: 160px\" class=\"wp-caption alignright\"><a href=\"https:\/\/2celsius.org\/transport\/wp-content\/uploads\/2014\/11\/raul-site.jpg\" rel=\"raul@2celsius.org\"><img loading=\"lazy\" decoding=\"async\" aria-describedby=\"caption-attachment-114\" class=\"wp-image-114 size-full\" src=\"https:\/\/2celsius.org\/transport\/wp-content\/uploads\/2014\/11\/raul-site.jpg\" alt=\"Raul Cazan, President 2C\" width=\"150\" height=\"147\" \/><\/a><p id=\"caption-attachment-114\" class=\"wp-caption-text\">Raul Cazan, Pre\u0219edinte al Asocia\u021biei 2C, email: raul[at]2Celsius.org<\/p><\/div><div id=\"attachment_113\" style=\"width: 160px\" class=\"wp-caption alignright\"><a href=\"https:\/\/2celsius.org\/transport\/wp-content\/uploads\/2014\/11\/mishu-site.jpg\" rel=\"mihai@2celsius.org\"><img loading=\"lazy\" decoding=\"async\" aria-describedby=\"caption-attachment-113\" class=\"wp-image-113 size-full\" src=\"https:\/\/2celsius.org\/transport\/wp-content\/uploads\/2014\/11\/mishu-site.jpg\" alt=\"Mihai Stoica, Director Executiv 2C\" width=\"150\" height=\"150\" \/><\/a><p id=\"caption-attachment-113\" class=\"wp-caption-text\">Mihai Stoica, Director Executiv 2C, email: mihai[at]2Celsius.org<\/p><\/div>\n","protected":false},"excerpt":{"rendered":"<p>EcoTransport se afl\u0103 \u00een centrul ac\u021biunilor de advocacy \u0219i cercetare ale 2C \u00een domeniul transporturilor verzi \u0219i energiei conexe. Organiza\u021bia este parte a re\u021belei europene Transport &amp; Environment\u00a0\u0219i reprezentanta acesteia \u00een Rom\u00e2nia. EcoTransport este finan\u021bat de c\u0103tre European Climate Foundation\u00a0\u0219i de c\u0103tre Transport &amp; Environment prin granturile norvegiene NORAD. 2Celsius (2C) este o organiza\u0163ie european\u0103, [&hellip;]<\/p>\n","protected":false},"author":1,"featured_media":0,"parent":0,"menu_order":0,"comment_status":"open","ping_status":"open","template":"","meta":{"footnotes":""},"class_list":["post-22","page","type-page","status-publish","hentry"],"_links":{"self":[{"href":"https:\/\/2celsius.org\/transport\/wp-json\/wp\/v2\/pages\/22","targetHints":{"allow":["GET"]}}],"collection":[{"href":"https:\/\/2celsius.org\/transport\/wp-json\/wp\/v2\/pages"}],"about":[{"href":"https:\/\/2celsius.org\/transport\/wp-json\/wp\/v2\/types\/page"}],"author":[{"embeddable":true,"href":"https:\/\/2celsius.org\/transport\/wp-json\/wp\/v2\/users\/1"}],"replies":[{"embeddable":true,"href":"https:\/\/2celsius.org\/transport\/wp-json\/wp\/v2\/comments?post=22"}],"version-history":[{"count":1,"href":"https:\/\/2celsius.org\/transport\/wp-json\/wp\/v2\/pages\/22\/revisions"}],"predecessor-version":[{"id":517,"href":"https:\/\/2celsius.org\/transport\/wp-json\/wp\/v2\/pages\/22\/revisions\/517"}],"wp:attachment":[{"href":"https:\/\/2celsius.org\/transport\/wp-json\/wp\/v2\/media?parent=22"}],"curies":[{"name":"wp","href":"https:\/\/api.w.org\/{rel}","templated":true}]}}

<p style="text-align: justify;"><img loading="lazy" decoding="async" class="alignright wp-image-108 size-medium" src="https://2celsius.org/transport/wp-content/uploads/2014/11/logo_t_e_01-300x193.jpg" alt="logo_t_e_01" width="300" height="193" srcset="https://2celsius.org/transport/wp-content/uploads/2014/11/logo_t_e_01-300x193.jpg 300w, https://2celsius.org/transport/wp-content/uploads/2014/11/logo_t_e_01.jpg 310w" sizes="auto, (max-width: 300px) 100vw, 300px" /></p>
<p style="text-align: justify;"><strong><span style="color: #800000;"><br />
EcoTransport</span></strong> se află în centrul acțiunilor de advocacy și cercetare ale <span style="color: #800000;"><strong>2C</strong> </span>în domeniul transporturilor verzi și energiei conexe. Organizația este parte a rețelei europene <a href="http://transportenvironment.org" target="_blank" rel="noopener"><span style="color: #800000;">Transport &amp; Environment</span></a> și reprezentanta acesteia în România. <span style="color: #800000;"><strong>EcoTransport</strong></span> este finanțat de către <span style="color: #800000;"><a style="color: #800000;" href="http://europeanclimate.org" target="_blank" rel="noopener">European Climate Foundation</a> <span style="color: #000000;">și de către Transport &amp; Environment prin granturile norvegiene NORAD.</span></span></p>
<p style="text-align: justify;"><img loading="lazy" decoding="async" class="alignright wp-image-109 size-medium" src="https://2celsius.org/transport/wp-content/uploads/2014/11/europeanClimateFoundation_logo_RGB-300x66.jpg" alt="europeanClimateFoundation_logo_RGB" width="300" height="66" srcset="https://2celsius.org/transport/wp-content/uploads/2014/11/europeanClimateFoundation_logo_RGB-300x66.jpg 300w, https://2celsius.org/transport/wp-content/uploads/2014/11/europeanClimateFoundation_logo_RGB-1024x226.jpg 1024w, https://2celsius.org/transport/wp-content/uploads/2014/11/europeanClimateFoundation_logo_RGB.jpg 1712w" sizes="auto, (max-width: 300px) 100vw, 300px" /></p>
<p style="text-align: justify;"><strong><a href="https://2celsius.org">2Celsius</a> <span style="color: #800000;">(2C)</span></strong> este o organizaţie europeană, culturală şi de mediu cu sediul în România. Asociaţia <strong><span style="color: #800000;">2Celsius</span> </strong>organizează reţeaua de jurnalism de mediu privind cultura schimbărilor climatice, <strong><span style="color: #800000;">2Celsius Network.</span></strong> Reţeaua <a href="http://2celsius.net" target="_blank" rel="noopener"><strong><span style="color: #800000;">2Celsius.net</span></strong></a> este o platformă media care încearcă să promoveze noi concepte precum «green collar jobs», profiluri climatice, slow food sau «futures&#8217; arts» în centrul şi estul Europei. Cursuri de jurnalism de mediu şi fotojurnalism întregesc cunoaşterea <strong><span style="color: #800000;">2C</span></strong> în această arie.</p>
<p style="text-align: justify;">Membri ai <span style="color: #800000;"><strong>2C</strong></span> au acoperit conferinţe ale părţilor în discuţiile climatice ale Naţiunilor Unite de la Copenhaga, Cancun sau Varsovia. De-a lungul timpului <strong><span style="color: #800000;">2Celsius Network</span></strong> a primit suport şi finanţare de la Earth Day Network în Washington, D.C., WWF Austria, European Journalism Centre în Maastricht, Comitetul Regiunilor, Convenția Alpină, European Academy (EURAC) s.a.</p>
<p style="text-align: justify;">Pe lângă activităţile legate de jurnalism, <span style="color: #800000;"><strong>2C</strong></span> a gestionat şi programe de caritate – cultura bicicletei in mediile rural-montane, relaţia dintre producţia hranei şi schimbările climatice (schimbarea utilizării terenurilor) şi programe de &#8220;institutional greening&#8221; şi dezvoltare locală.</p>
<p style="text-align: justify;"><span style="color: #800000;"><strong><a href="https://2celsius.org/transport/emisiile-de-co2-la-masini-noi-scad-in-europa-raporteaza-statele-membre/logo-fara-scris/" rel="attachment wp-att-245"><img loading="lazy" decoding="async" class=" wp-image-245 alignleft" src="https://2celsius.org/transport/wp-content/uploads/2016/04/logo-fara-scris.png" alt="" width="121" height="85" /></a>Asociatia 2Celsius </strong>este inregistrata la Grefa Judecatoriei Alba Iulia cu Certificat nr. 1054/P/14.05.2010, Dosar nr. 3788/176/2010, CUI 26934505, Cont IBAN: RO89BTRL00101205P59479XX, deschis la Banca Transilvania, Agentia Cugir</span></p>
<p style="text-align: right;"><span style="color: #800000;">Membrii 2Celsius, coordonatori</span><span style="color: #800000;"> ai<strong> EcoTransport</strong> sunt:</span></p>
<div id="attachment_207" style="width: 160px" class="wp-caption alignright"><a href="https://2celsius.org/transport/wp-content/uploads/2014/11/Mariuca-m.jpg"><img loading="lazy" decoding="async" aria-describedby="caption-attachment-207" class="size-thumbnail wp-image-207" src="https://2celsius.org/transport/wp-content/uploads/2014/11/Mariuca-m-150x150.jpg" alt="Mariuca Badea, mariuca@2Celsius.org" width="150" height="150" /></a><p id="caption-attachment-207" class="wp-caption-text">Mariuca Badea, cercetare si advocacy, email: mariuca[at]2Celsius.org</p></div><div id="attachment_114" style="width: 160px" class="wp-caption alignright"><a href="https://2celsius.org/transport/wp-content/uploads/2014/11/raul-site.jpg" rel="raul@2celsius.org"><img loading="lazy" decoding="async" aria-describedby="caption-attachment-114" class="wp-image-114 size-full" src="https://2celsius.org/transport/wp-content/uploads/2014/11/raul-site.jpg" alt="Raul Cazan, President 2C" width="150" height="147" /></a><p id="caption-attachment-114" class="wp-caption-text">Raul Cazan, Președinte al Asociației 2C, email: raul[at]2Celsius.org</p></div><div id="attachment_113" style="width: 160px" class="wp-caption alignright"><a href="https://2celsius.org/transport/wp-content/uploads/2014/11/mishu-site.jpg" rel="mihai@2celsius.org"><img loading="lazy" decoding="async" aria-describedby="caption-attachment-113" class="wp-image-113 size-full" src="https://2celsius.org/transport/wp-content/uploads/2014/11/mishu-site.jpg" alt="Mihai Stoica, Director Executiv 2C" width="150" height="150" /></a><p id="caption-attachment-113" class="wp-caption-text">Mihai Stoica, Director Executiv 2C, email: mihai[at]2Celsius.org</p></div>

<p>EcoTransport se află în centrul acțiunilor de advocacy și cercetare ale 2C în domeniul transporturilor verzi și energiei conexe. Organizația este parte a rețelei europene Transport &amp; Environment și reprezentanta acesteia în România. EcoTransport este finanțat de către European Climate Foundation și de către Transport &amp; Environment prin granturile norvegiene NORAD. 2Celsius (2C) este o organizaţie europeană, [&hellip;]</p>
