{"id":321,"date":"2017-01-01T02:27:04","date_gmt":"2017-01-01T02:27:04","guid":{"rendered":"https:\/\/2celsius.org\/transport\/?page_id=321"},"modified":"2018-05-29T09:21:23","modified_gmt":"2018-05-29T09:21:23","slug":"e-mobilitate","status":"publish","type":"page","link":"https:\/\/2celsius.org\/transport\/e-mobilitate\/","title":{"rendered":"E-mobilitate"},"content":{"rendered":"<p>Solutiile electrice pentru transporturi incep sa se impuna de jos in sus, de la initiative locale catre politici nationale.\u00a0<strong>Primele planuri de ac\u021biune pentru mobilitate electric\u0103 elaborate \u00een Rom\u00e2nia de c\u0103tre Municipalit\u0103\u021bile Alba Iulia, Baia Mare, Bistri\u021ba ori Ploie\u0219ti. De cur\u00e2nd li se al\u0103tur\u0103 \u0219i Clujul.<\/strong><\/p>\n<p><span style=\"color: #800000;\"><strong>2Celsius<\/strong><\/span> este promoterul <strong><a href=\"http:\/\/www.platformelectromobility.eu\/\">Platformei pentru electromobilitate<\/a><\/strong> \u00een Rom\u00e2nia.<\/p>\n<p><a href=\"https:\/\/2celsius.org\/transport\/screen-shot-2017-05-01-at-20-31-30-2\/\"><img loading=\"lazy\" decoding=\"async\" class=\"aligncenter size-large wp-image-359\" src=\"https:\/\/2celsius.org\/transport\/wp-content\/uploads\/2017\/05\/Screen-Shot-2017-05-01-at-20.31.30-1-1024x306.png\" alt=\"\" width=\"1024\" height=\"306\" srcset=\"https:\/\/2celsius.org\/transport\/wp-content\/uploads\/2017\/05\/Screen-Shot-2017-05-01-at-20.31.30-1-1024x306.png 1024w, https:\/\/2celsius.org\/transport\/wp-content\/uploads\/2017\/05\/Screen-Shot-2017-05-01-at-20.31.30-1-300x90.png 300w, https:\/\/2celsius.org\/transport\/wp-content\/uploads\/2017\/05\/Screen-Shot-2017-05-01-at-20.31.30-1-768x230.png 768w, https:\/\/2celsius.org\/transport\/wp-content\/uploads\/2017\/05\/Screen-Shot-2017-05-01-at-20.31.30-1.png 1030w\" sizes=\"auto, (max-width: 1024px) 100vw, 1024px\" \/><\/a><\/p>\n","protected":false},"excerpt":{"rendered":"<p>Solutiile electrice pentru transporturi incep sa se impuna de jos in sus, de la initiative locale catre politici nationale.\u00a0Primele planuri de ac\u021biune pentru mobilitate electric\u0103 elaborate \u00een Rom\u00e2nia de c\u0103tre Municipalit\u0103\u021bile Alba Iulia, Baia Mare, Bistri\u021ba ori Ploie\u0219ti. De cur\u00e2nd li se al\u0103tur\u0103 \u0219i Clujul. 2Celsius este promoterul Platformei pentru electromobilitate \u00een Rom\u00e2nia.<\/p>\n","protected":false},"author":1,"featured_media":0,"parent":0,"menu_order":0,"comment_status":"closed","ping_status":"closed","template":"","meta":{"footnotes":""},"class_list":["post-321","page","type-page","status-publish","hentry"],"_links":{"self":[{"href":"https:\/\/2celsius.org\/transport\/wp-json\/wp\/v2\/pages\/321","targetHints":{"allow":["GET"]}}],"collection":[{"href":"https:\/\/2celsius.org\/transport\/wp-json\/wp\/v2\/pages"}],"about":[{"href":"https:\/\/2celsius.org\/transport\/wp-json\/wp\/v2\/types\/page"}],"author":[{"embeddable":true,"href":"https:\/\/2celsius.org\/transport\/wp-json\/wp\/v2\/users\/1"}],"replies":[{"embeddable":true,"href":"https:\/\/2celsius.org\/transport\/wp-json\/wp\/v2\/comments?post=321"}],"version-history":[{"count":1,"href":"https:\/\/2celsius.org\/transport\/wp-json\/wp\/v2\/pages\/321\/revisions"}],"predecessor-version":[{"id":428,"href":"https:\/\/2celsius.org\/transport\/wp-json\/wp\/v2\/pages\/321\/revisions\/428"}],"wp:attachment":[{"href":"https:\/\/2celsius.org\/transport\/wp-json\/wp\/v2\/media?parent=321"}],"curies":[{"name":"wp","href":"https:\/\/api.w.org\/{rel}","templated":true}]}}

<p>Solutiile electrice pentru transporturi incep sa se impuna de jos in sus, de la initiative locale catre politici nationale. <strong>Primele planuri de acțiune pentru mobilitate electrică elaborate în România de către Municipalitățile Alba Iulia, Baia Mare, Bistrița ori Ploiești. De curând li se alătură și Clujul.</strong></p>
<p><span style="color: #800000;"><strong>2Celsius</strong></span> este promoterul <strong><a href="http://www.platformelectromobility.eu/">Platformei pentru electromobilitate</a></strong> în România.</p>
<p><a href="https://2celsius.org/transport/screen-shot-2017-05-01-at-20-31-30-2/"><img loading="lazy" decoding="async" class="aligncenter size-large wp-image-359" src="https://2celsius.org/transport/wp-content/uploads/2017/05/Screen-Shot-2017-05-01-at-20.31.30-1-1024x306.png" alt="" width="1024" height="306" srcset="https://2celsius.org/transport/wp-content/uploads/2017/05/Screen-Shot-2017-05-01-at-20.31.30-1-1024x306.png 1024w, https://2celsius.org/transport/wp-content/uploads/2017/05/Screen-Shot-2017-05-01-at-20.31.30-1-300x90.png 300w, https://2celsius.org/transport/wp-content/uploads/2017/05/Screen-Shot-2017-05-01-at-20.31.30-1-768x230.png 768w, https://2celsius.org/transport/wp-content/uploads/2017/05/Screen-Shot-2017-05-01-at-20.31.30-1.png 1030w" sizes="auto, (max-width: 1024px) 100vw, 1024px" /></a></p>

<p>Solutiile electrice pentru transporturi incep sa se impuna de jos in sus, de la initiative locale catre politici nationale. Primele planuri de acțiune pentru mobilitate electrică elaborate în România de către Municipalitățile Alba Iulia, Baia Mare, Bistrița ori Ploiești. De curând li se alătură și Clujul. 2Celsius este promoterul Platformei pentru electromobilitate în România.</p>
